*z**3 + 2*z**2 + z + 3. Let s be i(3). Let u be (-5)/((-3)/(-3)) + -34*(-25)/(-10). Let d = u - s. What is the highest common divisor of d and 6?
6
Suppose 93 - 3 = 2*l + q, -l + 2*q = -55. Let n be (-2538)/45*(-2 + 4/(-3)). Calculate the greatest common factor of n and l.
47
Let a(c) = 13*c**2 + 11*c - 14. Let l be a(2). Calculate the greatest common divisor of 60 and l.
60
Let k(w) = w**3 + 7*w**2 - 4*w - 8. Let f be k(-7). Let o = -56699 + 56775. What is the greatest common factor of f and o?
4
Let s(u) = u**3 - 44*u**2 + 588*u - 9. Let j be s(22). Calculate the greatest common divisor of 731 and j.
43
Let q be 120 + -6 + 3 - -13. What is the greatest common divisor of q and 1482?
26
Suppose 0 = -2*m, -m + 1435 = 5*k + m. Let l(i) = 14*i + 64. Let b be l(7). Let s = b + -121. What is the greatest common divisor of k and s?
41
Let i = 3456 + -2403. Calculate the highest common factor of 13 and i.
13
Suppose 5*m = 4*j - 5, 11*j - 4*m - 45 = 16*j. Let f be ((-132)/j)/(-1 + 13/10). What is the greatest common factor of 16 and f?
8
Let r = -55 + 115. Let b be ((-2)/10)/((-9)/17235). Let i = -303 + b. Calculate the greatest common factor of i and r.
20
Suppose 3*g + 627 = 6*g. Let t(d) = -2*d**2 - 60*d + 3270. Let c be t(28). Calculate the greatest common divisor of c and g.
11
Suppose -a + 22*a = -72072. Let w be (-20)/3*a/220. What is the greatest common factor of 78 and w?
26
Let x(y) = -23 + 9 - 26 + 2*y - 1. Suppose 3*d - 43 = -5*k + 28, 4*d + 4*k = 92. Let u be x(d). Calculate the greatest common factor of u and 27.
3
Let k = -70 + -320. Let h = 654 + k. What is the greatest common factor of 33 and h?
33
Suppose -81*z + 84*z + 2*q = 5137, 2*q = -5*z + 8571. Calculate the highest common factor of 391 and z.
17
Let r be 9835/3 + (528/36 - -1) + -16. Calculate the highest common divisor of 22 and r.
22
Let i = -8 + 15. Let z(p) = p**3 + 18*p**2 - 54*p + 49. Let r be z(-20). Calculate the greatest common divisor of i and r.
7
Suppose -40*p + 176 = -32*p. Let w(v) = -10*v**2 + 9*v**3 - 11 + 2*v + 2 - 8*v**3. Let r be w(10). What is the greatest common divisor of r and p?
11
Suppose -26*x = 222 + 168. Let a = x + 35. Calculate the highest common factor of 50 and a.
10
Let d be (-104)/(-130) + (-2)/(-10). Let b be (-6 + d)*(-34)/1. Calculate the highest common divisor of 10 and b.
10
Let h be 0 - (-1 + -42) - 1. Let g be 175/10*(-18 + 30). Calculate the highest common divisor of h and g.
42
Suppose 2*f + 5*c = 16, -110 + 64 = -3*f - 2*c. Suppose 20*a + n - 78 = f*a, 4*a + n - 158 = 0. Calculate the highest common divisor of 250 and a.
10
Let t(y) = 2*y**3 - 12*y**2 + 62*y - 224. Let j be t(7). What is the highest common factor of j and 1148?
28
Let n = -12 - -8. Let u = 7 + n. Suppose -4*j + 35 = u. Calculate the greatest common divisor of j and 8.
8
Suppose -206 = -2*o + 98. Let l(d) = -859*d - 459525. Let y be l(-535). Calculate the greatest common factor of y and o.
8
Let g(l) = 3*l + 461 + 28*l**3 - l - 3*l**2 - 453. Let i be g(2). What is the highest common divisor of i and 14?
14
Let x(s) = -s**3 - 20*s**2 - 98*s + 10. Let r be x(-5). What is the greatest common divisor of 5 and r?
5
Let b be ((9 + -38)*2/4)/((-2)/196). Calculate the greatest common divisor of 174 and b.
29
Suppose -2*l - 86 = 4*h, -5*h + 3*l - 154 = -41. Let b = 94 + h. What is the highest common divisor of 288 and b?
72
Suppose 2*k + 0*k - 11 = p, -13 = -4*k - p. Let x(b) = -6*b - 14. Let y be x(-10). Let u = -42 + y. Calculate the greatest common factor of k and u.
4
Suppose -184 = -239*q + 231*q. Let l = 618 - 365. What is the greatest common divisor of l and q?
23
Let y(k) = -4*k - 10. Let s be y(-10). Suppose 2*n = 57*p - 58*p + 16, 3*p - 24 = 2*n. What is the highest common divisor of p and s?
10
Suppose s - 108 = 2*i, 367*i - 6 = 364*i. What is the greatest common factor of 64 and s?
16
Suppose 91*a - 158527 = 223218. Calculate the greatest common divisor of a and 25.
5
Let v(h) = -h**2 + 19*h + 1137. Let a be v(-24). Calculate the highest common divisor of a and 4485.
15
Suppose -205*d = -129*d - 60268. Calculate the highest common divisor of 1159 and d.
61
Suppose -54 = q - 5*o, 3*q + 2*o + 324 = -2*q. Let k = q - -66. Suppose 2*f - 30 = -4*i, -4*i - 3*f + 9 = -k*i. What is the greatest common factor of 54 and i?
9
Suppose 0 = -2*z - 2*x + 530, 19*x = 5*z + 23*x - 1326. What is the greatest common factor of z and 1197?
133
Suppose 191*h - 137*h = -378. Let f be h - -9 - 23*-1. Let y = -17 + 27. What is the highest common factor of f and y?
5
Let q = -19864 + 20972. Calculate the greatest common factor of 6 and q.
2
Suppose -m + 158 = -4*i, -144 = -m + 3*i + 13. Suppose -5*q + 39 = 4. Suppose s - 176 = -q*s. Calculate the highest common divisor of s and m.
22
Let x(w) = -27*w + 135. Let n be x(5). Let g be n - 0/(-2) - (5 + -38). Calculate the highest common factor of g and 55.
11
Let j = -122624 + 122832. Let l be 414/8 + (-2)/(-8). Calculate the highest common divisor of l and j.
52
Suppose -69 = -2*h + 51. Let g = 61 - h. Let n be ((-36)/(-10))/(g/5). Calculate the highest common factor of 24 and n.
6
Suppose 675*i + 47250 = 693*i. Calculate the highest common divisor of 45 and i.
15
Suppose 12369 = 84*k + 9*k. What is the greatest common factor of 475 and k?
19
Suppose n + 0*n = -5, -4*z - 2*n + 26 = 0. Let k be 1/1*11*z. Let g = k - 94. What is the greatest common divisor of 5 and g?
5
Let x be (0 + -42)/((-4)/10). Let v = 70 + -65. Suppose p - v*p = -168. Calculate the greatest common divisor of p and x.
21
Let k be (-672)/(-49) - (-6)/21. Let l be 4/(-4)*(-3)/3*56. What is the greatest common factor of k and l?
14
Let y be (-6 + 12)/(8/80). Suppose -q - 3 = 0, 0 = -5*g + 2*q - 3*q + 72. What is the greatest common factor of y and g?
15
Let o(h) = h**3 + 13*h**2 - 199*h - 21. Let k be o(-21). What is the greatest common divisor of 360 and k?
90
Let b = 1443 + 1356. What is the highest common divisor of 45 and b?
9
Let g be 7 + -14 + (-198)/(-18). What is the greatest common divisor of g and 3308?
4
Let i be 13 + -104 - (-2 + 2). Let g be (i/(-14) + -7)*-32. Calculate the highest common divisor of g and 52.
4
Suppose 1 + 9 = 5*m, -m = 5*v - 22. Let k be ((-7)/(14/v))/(-1). Let c = -6 + 8. What is the highest common divisor of k and c?
2
Suppose 79*w - 17396 = 76*w + 5*p, -w + 5*p = -5812. Calculate the highest common divisor of w and 48.
16
Let u = 249 + -351. Let p = 10 + u. Let f = 94 + p. What is the greatest common factor of 2 and f?
2
Let l be (33 - 1)/((-82)/(-16) - 5). Let f = l + -242. Calculate the greatest common factor of f and 434.
14
Let i = -1153 - -1690. Suppose -6*o + 4299 = i. Calculate the highest common divisor of 33 and o.
33
Suppose v = -9 + 64. Let d = v + -15. Let r(h) = h**2 + h + 200. Let j be r(0). Calculate the greatest common factor of d and j.
40
Suppose 68*n - 65*n = -5*q + 450, 614 = 4*n + 2*q. What is the highest common factor of 713 and n?
31
Suppose 7005 = 162*v + 1497. What is the highest common divisor of 104 and v?
2
Suppose -5*a + 5*p - p - 5 = 0, -5*a - 5*p - 5 = 0. Let u be a/4 - (-5719)/172. What is the greatest common factor of u and 44?
11
Suppose 0 = 35*f + 10 - 325. Suppose y = -f*y + 80. What is the highest common divisor of 152 and y?
8
Let b = -384 + 384. Suppose 22*w - 143 + 33 = b. What is the highest common factor of 65 and w?
5
Let i = 839 + 1618. Calculate the greatest common factor of 945 and i.
189
Suppose -69 + 68 = -h, 3*s = -2*h + 272. What is the greatest common divisor of s and 12510?
90
Suppose -3*x - 2*n = -149, -9*x + 98 = -7*x + 2*n. Calculate the highest common factor of 5763 and x.
51
Let y = 926 - 923. Suppose n + 40 = -3*q + 118, 267 = 3*n - 2*q. What is the greatest common factor of y and n?
3
Suppose 3*y - 11 - 4 = 0. Suppose -4*v = -5*t + 584, -20 = -y*t - v + 584. What is the greatest common factor of t and 75?
15
Let r be -2*(-12)/(-10)*390/(-39). What is the greatest common divisor of r and 2592?
24
Let j(f) = 2*f**3 - 2*f + 2. Let a(r) = 13*r + 54. Let g be a(-4). Let y be j(g). Calculate the highest common divisor of 336 and y.
14
Let n(t) = 6*t**2 - 14*t + 236. Let c be n(26). Calculate the highest common divisor of 8 and c.
8
Let w(p) = 5*p + 163. Let d be w(-32). Let v be 7 + 1 